ded by 78.
72
What is the remainder when 427990 is divided by 408?
406
Calculate the remainder when 80239 is divided by 436.
15
What is the remainder when 2842697 is divided by 14?
11
What is the remainder when 52666 is divided by 134?
4
Calculate the remainder when 6476 is divided by 406.
386
What is the remainder when 845183 is divided by 2184?
2159
Calculate the remainder when 5287 is divided by 141.
70
What is the remainder when 721372 is divided by 833?
827
What is the remainder when 1337 is divided by 674?
663
Calculate the remainder when 40436 is divided by 433.
167
What is the remainder when 12414 is divided by 12397?
17
Calculate the remainder when 27904 is divided by 1715.
464
Calculate the remainder when 81066 is divided by 52.
50
Calculate the remainder when 1498 is divided by 1344.
154
Calculate the remainder when 104076 is divided by 26.
24
Calculate the remainder when 8486 is divided by 4.
2
What is the remainder when 2378140 is divided by 1065?
1060
Calculate the remainder when 18364 is divided by 20.
4
Calculate the remainder when 2359 is divided by 725.
184
Calculate the remainder when 3312 is divided by 79.
73
What is the remainder when 18481 is divided by 23?
12
Calculate the remainder when 757940 is divided by 75793.
10
Calculate the remainder when 18493 is divided by 166.
67
What is the remainder when 63086 is divided by 350?
86
What is the remainder when 1416 is divided by 338?
64
Calculate the remainder when 629231 is divided by 453.
14
Calculate the remainder when 4452 is divided by 4449.
3
Calculate the remainder when 80760 is divided by 985.
975
Calculate the remainder when 23629 is divided by 1967.
25
What is the remainder when 3389 is divided by 119?
57
What is the remainder when 828 is divided by 435?
393
Calculate the remainder when 95319 is divided by 157.
20
Calculate the remainder when 3398 is divided by 846.
14
What is the remainder when 35150 is divided by 28?
10
Calculate the remainder when 226546 is divided by 899.
897
Calculate the remainder when 80310 is divided by 16054.
40
Calculate the remainder when 55510 is divided by 19.
11
What is the remainder when 37820 is divided by 74?
6
What is the remainder when 652375 is divided by 749?
745
What is the remainder when 2075 is divided by 688?
11
Calculate the remainder when 14862 is divided by 47.
10
Calculate the remainder when 10165 is divided by 322.
183
What is the remainder when 38314 is divided by 76?
10
Calculate the remainder when 55654 is divided by 110.
104
What is the remainder when 208 is divided by 184?
24
Calculate the remainder when 171030 is divided by 273.
132
What is the remainder when 418133 is divided by 146?
135
Calculate the remainder when 3588 is divided by 1740.
108
What is the remainder when 274066 is divided by 1575?
16
Calculate the remainder when 1874 is divided by 458.
42
What is the remainder when 133807 is divided by 68?
51
What is the remainder when 26926 is divided by 21?
4
Calculate the remainder when 780 is divided by 525.
255
Calculate the remainder when 604407 is divided by 54946.
1
What is the remainder when 7786134 is divided by 7?
6
What is the remainder when 14488 is divided by 699?
508
What is the remainder when 819 is divided by 156?
39
What is the remainder when 1885 is divided by 891?
103
Calculate the remainder when 2284 is divided by 5.
4
Calculate the remainder when 10204 is divided by 121.
40
Calculate the remainder when 429 is divided by 61.
2
What is the remainder when 3345 is divided by 397?
169
What is the remainder when 118422 is divided by 26?
18
Calculate the remainder when 360 is divided by 53.
42
What is the remainder when 12418 is divided by 1754?
140
Calculate the remainder when 5382 is divided by 385.
377
Calculate the remainder when 66761 is divided by 1962.
53
What is the remainder when 116709 is divided by 18?
15
Calculate the remainder when 799846 is divided by 216.
214
What is the remainder when 8527 is divided by 48?
31
What is the remainder when 133277 is divided by 229?
228
Calculate the remainder when 3622 is divided by 174.
142
What is the remainder when 940 is divided by 127?
51
What is the remainder when 12490 is divided by 125?
115
Calculate the remainder when 62776 is divided by 216.
136
Calculate the remainder when 1541 is divided by 507.
20
What is the remainder when 88734 is divided by 59?
57
Calculate the remainder when 92700 is divided by 46349.
2
What is the remainder when 57467 is divided by 821?
818
Calculate the remainder when 14999 is divided by 50.
49
Calculate the remainder when 9592871 is divided by 57.
56
What is the remainder when 135196 is divided by 75?
46
Calculate the remainder when 187857 is divided by 571.
569
What is the remainder when 1217 is divided by 214?
147
Calculate the remainder when 334972 is divided by 150.
22
What is the remainder when 206193 is divided by 29447?
64
What is the remainder when 9538 is divided by 85?
18
What is the remainder when 80411 is divided by 97?
95
Calculate the remainder when 10098 is divided by 389.
373
Calculate the remainder when 5358 is divided by 148.
30
Calculate the remainder when 116819 is divided by 33.
32
What is the remainder when 1008 is divided by 219?
132
What is the remainder when 52 is divided by 32?
20
Calculate the remainder when 9771 is divided by 158.
133
Calculate the remainder when 164046 is divided by 16402.
26
Calculate the remainder when 120257 is divided by 1307.
13
What is the remainder when 91431 is divided by 1453?
1345
What is the remainder when 111997 is divided by 37?
35
What is the remainder when 4600733 is divided by 112?
109
What is the remainder when 5276 is divided by 595?
516
Calculate the remainder when 743 is divided by 78.
41
Calculate the remainder when 2142456 is divided by 714144.
24
Calculate the remainder when 7716 is divided by 3710.
296
What is the remainder when 15745 is divided by 2?
1
Calculate the remainder when 65870 is divided by 85.
80
Calculate the remainder when 56853 is divided by 309.
306
Calculate the remainder when 42534 is divided by 961.
250
Calculate the remainder when 73055 is divided by 91.
73
What is the remainder when 4491 is divided by 193?
52
Calculate the remainder when 12937 is divided by 281.
11
What is the remainder when 583096 is divided by 61?
58
Calculate the remainder when 2385 is divided by 2381.
4
Calculate the remainder when 34723 is divided by 64.
35
Calculate the remainder when 1001 is divided by 816.
185
What is the remainder when 76951 is divided by 6412?
7
What is the remainder when 4437 is divided by 136?
85
Calculate the remainder when 30159 is divided by 52.
51
What is the remainder when 135777 is divided by 318?
309
What is the remainder when 1418653 is divided by 687?
685
What is the remainder when 25526 is divided by 371?
298
What is the remainder when 42175 is divided by 703?
698
What is the remainder when 72557 is divided by 374?
1
Calculate the remainder when 32062 is divided by 916.
2
What is the remainder when 31166 is divided by 73?
68
What is the remainder when 1309008 is divided by 33?
30
What is the remainder when 183879 is divided by 189?
171
What is the remainder when 100654 is divided by 35?
29
What is the remainder when 359291 is divided by 119747?
50
What is the remainder when 191470 is divided by 14?
6
What is the remainder when 717 is divided by 7?
3
Calculate the remainder when 968 is divided by 243.
239
What is the remainder when 49833 is divided by 9?
0
Calculate the remainder when 24628 is divided by 8193.
49
Calculate the remainder when 22664 is divided by 20.
4
Calculate the remainder when 4695 is divided by 29.
26
What is the remainder when 38877 is divided by 7775?
2
What is the remainder when 3295 is divided by 894?
613
What is the remainder when 15426 is divided by 14?
12
Calculate the remainder when 83316 is divided by 563.
555
Calculate the remainder when 1856 is divided by 1257.
599
Calculate the remainder when 603 is divided by 79.
50
What is the remainder when 5242 is divided by 459?
193
What is the remainder when 1205024 is divided by 43?
35
What is the remainder when 105049 is divided by 1459?
1
What is the remainder when 14059 is divided by 1914?
661
Calculate the remainder when 5157 is divided by 223